ands digit of 654612?
6
What is the thousands digit of 68985?
8
What is the tens digit of 9346?
4
What is the hundreds digit of 54581?
5
What is the units digit of 14456669?
9
What is the hundreds digit of 197481?
4
What is the millions digit of 3085042?
3
What is the thousands digit of 1809304?
9
What is the units digit of 473293?
3
What is the thousands digit of 481304?
1
What is the tens digit of 1542888?
8
What is the tens digit of 14178741?
4
What is the hundreds digit of 285031?
0
What is the millions digit of 1936481?
1
What is the thousands digit of 20057707?
7
What is the hundred thousands digit of 196509?
1
What is the millions digit of 10816594?
0
What is the hundred thousands digit of 38711521?
7
What is the tens digit of 22265?
6
What is the millions digit of 3914864?
3
What is the hundreds digit of 3729210?
2
What is the hundred thousands digit of 307896?
3
What is the tens digit of 473513?
1
What is the tens digit of 11900357?
5
What is the thousands digit of 932161?
2
What is the ten thousands digit of 1642323?
4
What is the ten thousands digit of 450529?
5
What is the thousands digit of 54330?
4
What is the units digit of 789284?
4
What is the units digit of 605989?
9
What is the ten thousands digit of 6987023?
8
What is the units digit of 202558?
8
What is the millions digit of 1463256?
1
What is the millions digit of 10340221?
0
What is the ten thousands digit of 177995?
7
What is the thousands digit of 1673177?
3
What is the hundred thousands digit of 856303?
8
What is the tens digit of 480309?
0
What is the hundred thousands digit of 1254101?
2
What is the millions digit of 3323830?
3
What is the hundreds digit of 14554343?
3
What is the hundreds digit of 437382?
3
What is the ten millions digit of 11895594?
1
What is the ten thousands digit of 3964303?
6
What is the ten thousands digit of 465807?
6
What is the hundreds digit of 244717?
7
What is the millions digit of 3905227?
3
What is the hundreds digit of 144884?
8
What is the hundreds digit of 1265564?
5
What is the units digit of 397153?
3
What is the hundred thousands digit of 6744827?
7
What is the hundreds digit of 792949?
9
What is the ten thousands digit of 69313?
6
What is the hundreds digit of 7337781?
7
What is the hundred thousands digit of 2563494?
5
What is the units digit of 553225?
5
What is the millions digit of 2771925?
2
What is the thousands digit of 13820648?
0
What is the millions digit of 1440301?
1
What is the units digit of 3544602?
2
What is the ten thousands digit of 412219?
1
What is the hundred thousands digit of 2818532?
8
What is the hundreds digit of 976683?
6
What is the thousands digit of 9193946?
3
What is the ten thousands digit of 19085452?
8
What is the hundred thousands digit of 190243?
1
What is the thousands digit of 2034980?
4
What is the hundred thousands digit of 1680855?
6
What is the thousands digit of 1094775?
4
What is the tens digit of 89536?
3
What is the ten thousands digit of 1453914?
5
What is the tens digit of 3714684?
8
What is the thousands digit of 16719185?
9
What is the ten thousands digit of 243127?
4
What is the hundred thousands digit of 252336?
2
What is the thousands digit of 463699?
3
What is the thousands digit of 586455?
6
What is the tens digit of 9166?
6
What is the ten thousands digit of 5717639?
1
What is the tens digit of 6113347?
4
What is the hundreds digit of 500115?
1
What is the hundred thousands digit of 9604803?
6
What is the millions digit of 2635934?
2
What is the millions digit of 1703425?
1
What is the tens digit of 294525?
2
What is the hundreds digit of 60149?
1
What is the ten thousands digit of 577883?
7
What is the ten thousands digit of 26139504?
3
What is the units digit of 69746?
6
What is the tens digit of 104209?
0
What is the tens digit of 1642925?
2
What is the tens digit of 8770540?
4
What is the units digit of 292123?
3
What is the thousands digit of 1404033?
4
What is the units digit of 1130170?
0
What is the hundreds digit of 30247?
2
What is the units digit of 3088720?
0
What is the tens digit of 2938688?
8
What is the tens digit of 338934?
3
What is the hundreds digit of 180135?
1
What is the thousands digit of 2286646?
6
What is the hundreds digit of 501739?
7
What is the ten thousands digit of 471314?
7
What is the hundred thousands digit of 6961896?
9
What is the ten thousands digit of 5781827?
8
What is the hundred thousands digit of 1252084?
2
What is the tens digit of 2731015?
1
What is the units digit of 198209?
9
What is the hundreds digit of 558155?
1
What is the hundreds digit of 1864371?
3
What is the units digit of 48750?
0
What is the units digit of 21531826?
6
What is the ten thousands digit of 966243?
6
What is the units digit of 38100236?
6
What is the tens digit of 257886?
8
What is the units digit of 3206244?
4
What is the tens digit of 94116?
1
What is the thousands digit of 11555586?
5
What is the units digit of 8944625?
5
What is the ten thousands digit of 220766?
2
What is the millions digit of 34674841?
4
What is the tens digit of 30942?
4
What is the thousands digit of 231646?
1
What is the tens digit of 791050?
5
What is the hundreds digit of 38320690?
6
What is the units digit of 47008?
8
What is the millions digit of 1742426?
1
What is the hundreds digit of 3943993?
9
What is the units digit of 257278?
8
What is the hundreds digit of 462884?
8
What is the ten thousands digit of 720355?
2
What is the tens digit of 2287483?
8
What is the ten millions digit of 16702556?
1
What is the hundred thousands digit of 12059121?
0
What is the ten thousands digit of 1313847?
1
What is the ten thousands digit of 19954370?
5
What is the tens digit of 74797?
9
What is the hundreds digit of 3127858?
8
What is the hundreds digit of 360256?
2
What is the units digit of 2050182?
2
What is the hundreds digit of 21018075?
0
What is the units digit of 9082988?
8
What is the tens digit of 86811?
1
What is the hundreds digit of 1798562?
5
What is the hundred thousands digit of 108800?
1
What is the ten millions digit of 10312398?
1
What is the hundreds digit of 824468?
4
What is the ten thousands digit of 418403?
1
What is the ten thousands digit of 7658588?
5
What is the millions digit of 8706089?
8
What is the units digit of 884271?
1
What is the units digit of 533490?
0
What is the thousands digit of 114014?
4
What is the ten thousands digit of 1192945?
9
What is the tens digit of 25519?
1
What is the hundreds digit of 654848?
8
What is the ten thousands digit of 285549?
8
What is the ten thousands digit of 1130008?
3
What is the thousands digit of 450665?
0
What is the thousands digit of 99072?
9
What is the ten thousands digit of 2770933?
7
What is the ten thousands digit of 615751?
1
What is the thousands digit of 6294564?
4
What is the thousands digit of 23792?
3
What is the units digit of 3857908?
8
What is the tens digit of 7727492?
9
What is the tens digit of 328973?
7
What is the units digit of 469222?
2
What is the millions digit of 13965274?
3
What is the hundred thousands digit of 175872?
1
What is the hundred thousands digit of 5211877?
2
What is the thousands digit of 6223845?
3
What is the hundreds digit of 140531?
5
What is the hundreds digit of 168776?
7
What is the ten thousands digit of 6671884?
7
What is the ten thousands digit of 809467?
0
What is the units digit of 194321?
1
What is the ten thousands digit of 1276264?
7
What is the units digit of 355811?
1
What is the units digit of 581568?
8
What is the hundreds digit of 351718?
7
What is the hundred thousands digit of 6086772?
0
What is the units digit of 1812095?
5
What is the thousands digit of 57822?
7
What is the tens digit of 10385186?
8
What is the ten thousands digit of 341826?
4
What is the hundreds digit of 1012813?
8
What is the tens digit of 11577884?
8
What is the ten millions digit of 16058241?
1
What is the tens digit of 22958332?
3
What is the thousands digit of 703435?
3
What is the tens digit of 840340?
4
What is the millions digit of 3148499?
3
What is the thousands digit of 761603?
1
What is the thousands digit of 14279?
4
What is the hundreds digit of 65915?
9
What is the ten thousands digit of 6313371?
1
What is the hundreds digit of 1667967?
9
What is the hundreds dig